- 8922 = 7296. Calculate the greatest common divisor of 20352 and b.
318
Suppose -569*h + 70 = -567*h + v, 3*v = 4*h - 140. Let o = 5 - 0. Calculate the highest common divisor of h and o.
5
Let m = -7992 - -20121. What is the greatest common factor of m and 39?
39
Suppose 157 = 4*o + 3*n, -9*n + 103 = 32*o - 28*o. What is the highest common factor of o and 17089?
23
Let q = 48 + -27. Let m = -237 + 242. Suppose 5*v + 2*g - 737 = 0, -2*g = -m*v + 3*g + 730. What is the greatest common factor of v and q?
21
Let i(n) = 2*n**3 - 41*n**2 - 67*n + 57. Let u be i(22). Calculate the highest common factor of u and 200.
5
Suppose 2*p - 35 = -9*s + 4*s, -4*p - 4*s = -52. Suppose 2*t = p, 166 = 3*b - 5*t + 4*t. Let c = 82 - b. Calculate the greatest common factor of 275 and c.
25
Let d be (-11)/6 + (-2)/3 - 107470/(-220). Calculate the highest common factor of d and 30.
6
Let k be (-4)/(-22) + (-6 - (-714)/66). Let y be 6/(-30) + (-4)/k - -19. Calculate the highest common divisor of 9 and y.
9
Suppose -2*p - 5*m = -10, 0 = -5*p + 2*m - 3*m + 48. Let t be 10354/p + (-56)/140. What is the highest common divisor of t and 45?
45
Let p = -7 - -47. Suppose 5*g + 29 = 2*b, 0 = 4*b - 4*g - p - 12. Calculate the highest common divisor of b and 60.
12
Let h = 19 + 41. Let a = 289 + -189. What is the highest common divisor of h and a?
20
Let k(n) = 2*n**2 + 9*n - 17. Let a be k(-10). Let x = 94 - a. What is the greatest common divisor of 9 and x?
1
Suppose 68*w + 27*w = -109*w + 4896. Let l(g) = -120*g**3 - g - 1. Let b be l(-1). What is the greatest common divisor of w and b?
24
Let q = -5549 - -5569. Calculate the highest common divisor of q and 5650.
10
Suppose p + 88 = 8. Let q = 97 + p. Let j = 10 + 58. Calculate the highest common factor of j and q.
17
Let w be (9/(-15) - (-14459)/(-10))*-2. Let i be w/44 + (-4)/(-16). Calculate the greatest common divisor of i and 88.
22
Let o = 3534 - 4812. Suppose -3*z + 82 + 2 = 0. Let n be o/(-8) - (-7)/z. What is the greatest common factor of n and 32?
32
Suppose 0 = 3*q + 45 + 18. Suppose 19*x - 74 = 40. Let c be (q + 6)*x/(-9). What is the highest common factor of 90 and c?
10
Let y = -1 + 37. Let g be (1 - (-1)/(-4))*12. Let t(u) = -u**2 + 12*u - 15. Let d be t(g). What is the highest common factor of y and d?
12
Let g = -118 - -286. Suppose 9*w - g = -12*w. What is the greatest common factor of 1 and w?
1
Let l = 138 + -75. Suppose 3*a - 37 = 5*s, -2*a = -0*a - s - 20. Calculate the greatest common factor of l and a.
9
Let z(w) = 374*w**3 + w**2 - 125*w + 250. Let y be z(2). Calculate the highest common factor of y and 28.
28
Let l(j) = 4*j. Let g be 70/(-12) - (1 - 25/30). Let s be l(g). Let y be 86/3 + s/36. Calculate the highest common factor of y and 42.
14
Let j(c) = -20*c + c**2 + 3*c**2 + 42 - 3*c**2 + 2. Let u be j(21). What is the highest common divisor of 15 and u?
5
Let q(h) = -3*h + 66. Let j be q(-33). Let a = 597 - j. What is the greatest common divisor of 18 and a?
18
Suppose 209*m + 2614 = 49503 + 63672. What is the greatest common factor of 299 and m?
23
Let d(i) = 17*i**2 + 420*i + 44. Let s be d(-26). Let x = 58 + -14. Calculate the highest common divisor of x and s.
44
Let i = 3929 + -3923. Suppose -99 = -o + 4*o. Let d = o + 54. Calculate the greatest common divisor of i and d.
3
Let r be 12/(-8)*-34*1. Suppose 6*j - 36 = -0. What is the greatest common divisor of r and j?
3
Let l = 161 + -100. Let w = l - 35. Let d = -7 - -20. Calculate the highest common divisor of d and w.
13
Let g = 171 + -424. Let a = 259 + g. What is the highest common factor of a and 8?
2
Let p(x) = -283 + 15*x + 317 + 2*x**2 + 16*x**2 - x**3. Let v be p(18). What is the greatest common divisor of 38 and v?
38
Suppose 22 - 20 = -2*a. Let r be a/(2*((-18)/(-96))/(-3)). Let l(z) = -z**2 - 7*z - 5. Let c be l(-6). What is the highest common divisor of r and c?
1
Suppose 192*w - 82335 = 137*w. What is the greatest common factor of w and 9?
3
Let w be 5 - (13/(-26))/(1/4). Suppose -2*v = -w*v - 2*g + 15, 3*v - 30 = 3*g. Calculate the highest common divisor of 5 and v.
5
Suppose 3*c = -0*f + 2*f + 5, -5*c + 15 = 0. Suppose 7 = f*i - 41. Let u be (70 + -22)*-2*2/(-8). Calculate the greatest common factor of u and i.
24
Suppose 0 = l + 3*l - j - 251, -4*l - j = -261. Let w be (-46)/(4 + (-14)/3). Let f = w + -53. Calculate the highest common divisor of l and f.
16
Let l = -194618 + 195745. Let r be (-6)/4*46/(-3). Calculate the highest common divisor of r and l.
23
Suppose -85*r - 16 = -66 - 35. What is the highest common factor of r and 9?
1
Let x = 103 + 23. Suppose -h + x = 2*h. Let z(m) = 51*m**2 + 3. Let w be z(3). Calculate the greatest common divisor of w and h.
42
Suppose 10062 = 518*t - 500*t. What is the greatest common factor of 39 and t?
13
Let h(x) = -3*x**2 + 88*x - 528. Let y be h(20). What is the highest common factor of y and 1072?
16
Let v = 9424 - 8272. What is the greatest common divisor of 18 and v?
18
Suppose 5*m = -m + 258. Suppose 41*v = m*v - 40. Let h(y) = -35*y. Let x be h(-4). What is the greatest common factor of v and x?
20
Let y be 12*2*(7 + (-33)/6). Suppose 39*g - y = 37*g. What is the highest common divisor of g and 66?
6
Suppose 10836 = 192*q - 171*q. What is the highest common factor of q and 624?
12
Suppose 0 = -2*t + q + 112, -165 = -4*t + q + 55. Calculate the highest common divisor of t and 1719.
9
Suppose f = 4*s - 3772 - 5072, -4*f = 3*s - 6633. Suppose j - 30 + s = 5*u, -2*u + 4*j = -858. Calculate the highest common divisor of u and 69.
23
Let k(z) be the third derivative of -5*z**4/12 - 10*z**3/3 + 6*z**2 + 5. Let y be k(-10). What is the greatest common divisor of 20 and y?
20
Suppose -183 - 37 = -11*n. Let p = 973 + -353. What is the highest common factor of p and n?
20
Let l be -2 - (-20 + 10/5). Suppose 0 = 3*a - 3, 5*a = -5*j + 50 + 25. Let m(p) = 4*p - 8. Let c be m(j). What is the highest common divisor of l and c?
16
Let r = 566 - 232. Let j = -311 + r. What is the highest common divisor of j and 23?
23
Suppose 2*q = 4*i - 9*i + 30, 5*q - 5*i - 5 = 0. Let x(z) = q*z - 37 - z**2 - 19*z + 42. Let r be x(-7). Calculate the highest common factor of r and 36.
18
Suppose 5*x = -6*x + 44. Suppose 5*h = -3*n - x, -3*n - 3*h - 2 = -n. What is the greatest common factor of n and 2?
2
Let u(m) = -2*m**3 + 79*m**2 + 56*m - 60. Let q be u(40). What is the highest common divisor of 116 and q?
116
Let a be 2/(-4) - (-225)/18. Let h be (a/(-9))/(2*(-3)/90). Suppose -h = -3*l + 10. What is the highest common factor of 50 and l?
10
Suppose 30977 + 5455 = 276*o. What is the highest common factor of 275 and o?
11
Let q be 39/(-26) + (0 - (-30)/4). Suppose -2*r + q*r = 136. Suppose -r = -6*i + 74. What is the greatest common divisor of 90 and i?
18
Suppose 30 = 2*s + 3*h, 6*h - 28 = -2*s + 2*h. Calculate the highest common factor of s and 2484.
18
Let p(q) = q - 8 - 4 - 2*q. Let o be p(-30). Let z(v) = -6*v + 3. Let g be z(-7). Calculate the highest common factor of o and g.
9
Suppose -4*y + 3*t + 52 + 10 = 0, 0 = -4*y - 4*t + 104. Calculate the highest common factor of 900 and y.
20
Let q(i) = i**3 + 16*i**2 - 3*i - 17. Let k(s) = -s**2 + 7*s - 26. Let x be k(5). Let h be q(x). Calculate the greatest common factor of h and 124.
31
Suppose 2*l = 6 + 6. Let p(c) = l + 3 - 15 - 16 - 26*c. Let z be p(-5). What is the greatest common factor of 24 and z?
12
Let w = 16 - 15. Let h be (1 + -2)*(w/(-1) - -32). Let k = -24 - h. Calculate the highest common divisor of 21 and k.
7
Let i be -9*((-12)/(-30))/((-12)/290). Suppose 2*u - i = -z, 154 = 4*z + 3*u - 189. What is the highest common divisor of 5 and z?
5
Suppose 2*x + 3*n = -0*n + 7, -n = 2*x - 9. Suppose -265 = -3*j - 5*r, -180 = 13*j - 15*j - 4*r. What is the greatest common factor of j and x?
5
Let c = -224 + 521. Let g = c + -259. Calculate the greatest common divisor of 76 and g.
38
Suppose -4*g + 24 = 5*y - 27, 3*g - 43 = y. What is the greatest common divisor of 1582 and g?
14
Let r be 0 + (3/(-14))/3 - (-176373466)/30716. Calculate the highest common factor of r and 1392.
174
Let n = -214 - -389. Suppose 11025 = 338*p - 289*p. Calculate the greatest common factor of n and p.
25
Let t = 1186 - 457. What is the highest common divisor of 324 a